[INFO] cloning repository https://github.com/gluon-lang/gluon
[INFO] running `Command { std: "git" "-c" "credential.helper=" "-c" "credential.helper=/workspace/cargo-home/bin/git-credential-null" "clone" "--bare" "https://github.com/gluon-lang/gluon" "/workspace/cache/git-repos/https%3A%2F%2Fgithub.com%2Fgluon-lang%2Fgluon", kill_on_drop: false }`
[INFO] [stderr] Cloning into bare repository '/workspace/cache/git-repos/https%3A%2F%2Fgithub.com%2Fgluon-lang%2Fgluon'...
[INFO] running `Command { std: "git" "rev-parse" "HEAD", kill_on_drop: false }`
[INFO] [stdout] 3e656d18c1342314f0ac6a7d6334cf33b8dd6a34
[INFO] checking gluon-lang/gluon against try#72f88fc4e9458f89516a0b8b0868f3718aec5b47 for pr-74989
[INFO] running `Command { std: "git" "clone" "/workspace/cache/git-repos/https%3A%2F%2Fgithub.com%2Fgluon-lang%2Fgluon" "/workspace/builds/worker-1/source", kill_on_drop: false }`
[INFO] [stderr] Cloning into '/workspace/builds/worker-1/source'...
[INFO] [stderr] done.
[INFO] validating manifest of git repo https://github.com/gluon-lang/gluon on toolchain 72f88fc4e9458f89516a0b8b0868f3718aec5b47
[INFO] running `Command { std: "/workspace/cargo-home/bin/cargo" "+72f88fc4e9458f89516a0b8b0868f3718aec5b47" "read-manifest" "--manifest-path" "Cargo.toml", kill_on_drop: false }`
[INFO] started tweaking git repo https://github.com/gluon-lang/gluon
[INFO] removed 0 missing examples
[INFO] removed 0 missing tests
[INFO] removed workspace from git repo https://github.com/gluon-lang/gluon
[INFO] removed path dependency gluon_base from git repo https://github.com/gluon-lang/gluon
[INFO] removed path dependency gluon_check from git repo https://github.com/gluon-lang/gluon
[INFO] removed path dependency gluon_codegen from git repo https://github.com/gluon-lang/gluon
[INFO] removed path dependency gluon_format from git repo https://github.com/gluon-lang/gluon
[INFO] removed path dependency gluon_parser from git repo https://github.com/gluon-lang/gluon
[INFO] removed path dependency gluon_vm from git repo https://github.com/gluon-lang/gluon
[INFO] removed path dependency gluon_codegen from git repo https://github.com/gluon-lang/gluon
[INFO] removed path dependency gluon_completion from git repo https://github.com/gluon-lang/gluon
[INFO] removed path dependency gluon_base from git repo https://github.com/gluon-lang/gluon
[INFO] finished tweaking git repo https://github.com/gluon-lang/gluon
[INFO] tweaked toml for git repo https://github.com/gluon-lang/gluon written to /workspace/builds/worker-1/source/Cargo.toml
[INFO] crate git repo https://github.com/gluon-lang/gluon already has a lockfile, it will not be regenerated
[INFO] running `Command { std: "/workspace/cargo-home/bin/cargo" "+72f88fc4e9458f89516a0b8b0868f3718aec5b47" "fetch" "--locked" "--manifest-path" "Cargo.toml", kill_on_drop: false }`
[INFO] [stderr]     Blocking waiting for file lock on package cache
[INFO] [stderr]     Updating crates.io index
[INFO] [stderr] error: the lock file /workspace/builds/worker-1/source/Cargo.lock needs to be updated but --locked was passed to prevent this
[INFO] [stderr] If you want to try to generate the lock file without accessing the network, use the --offline flag.
[INFO] the lockfile is outdated, regenerating it
[INFO] running `Command { std: "/workspace/cargo-home/bin/cargo" "+72f88fc4e9458f89516a0b8b0868f3718aec5b47" "generate-lockfile" "--manifest-path" "Cargo.toml" "-Zno-index-update", kill_on_drop: false }`
[INFO] running `Command { std: "/workspace/cargo-home/bin/cargo" "+72f88fc4e9458f89516a0b8b0868f3718aec5b47" "fetch" "--locked" "--manifest-path" "Cargo.toml", kill_on_drop: false }`
[INFO] [stderr]  Downloading crates ...
[INFO] [stderr]   Downloaded lalrpop-util v0.19.1
[INFO] [stderr]   Downloaded bytecount v0.5.1
[INFO] [stderr]   Downloaded insta v0.16.1
[INFO] [stderr]   Downloaded cargo_metadata v0.8.2
[INFO] [stderr]   Downloaded compiletest_rs v0.5.0
[INFO] [stderr]   Downloaded handlebars v2.0.4
[INFO] [stderr]   Downloaded tensile v0.6.3
[INFO] [stderr]   Downloaded lalrpop v0.19.1
[INFO] [stderr]   Downloaded tester v0.7.0
[INFO] [stderr]   Downloaded rustfix v0.5.1
[INFO] [stderr]   Downloaded pulldown-cmark v0.5.3
[INFO] [stderr]   Downloaded little-skeptic v0.15.2
[INFO] running `Command { std: "docker" "create" "-v" "/var/lib/crater-agent-workspace/builds/worker-1/target:/opt/rustwide/target:rw,Z" "-v" "/var/lib/crater-agent-workspace/builds/worker-1/source:/opt/rustwide/workdir:ro,Z" "-v" "/var/lib/crater-agent-workspace/cargo-home:/opt/rustwide/cargo-home:ro,Z" "-v" "/var/lib/crater-agent-workspace/rustup-home:/opt/rustwide/rustup-home:ro,Z" "-e" "SOURCE_DIR=/opt/rustwide/workdir" "-e" "CARGO_TARGET_DIR=/opt/rustwide/target" "-e" "CARGO_HOME=/opt/rustwide/cargo-home" "-e" "RUSTUP_HOME=/opt/rustwide/rustup-home" "-w" "/opt/rustwide/workdir" "-m" "1610612736" "--user" "0:0" "--network" "none" "rustops/crates-build-env@sha256:d92eaeed33fa75130ca1ee6c8a01d1ffb62bac859dfdfb3450e3e5d1c0146529" "/opt/rustwide/cargo-home/bin/cargo" "+72f88fc4e9458f89516a0b8b0868f3718aec5b47" "metadata" "--no-deps" "--format-version=1", kill_on_drop: false }`
[INFO] [stdout] e08e9a00b09bfefb07c0af9ad446ec88d831059a2764502660c4f049cd5cf108
[INFO] [stderr] WARNING: Your kernel does not support swap limit capabilities or the cgroup is not mounted. Memory limited without swap.
[INFO] running `Command { std: "docker" "start" "-a" "e08e9a00b09bfefb07c0af9ad446ec88d831059a2764502660c4f049cd5cf108", kill_on_drop: false }`
[INFO] running `Command { std: "docker" "inspect" "e08e9a00b09bfefb07c0af9ad446ec88d831059a2764502660c4f049cd5cf108", kill_on_drop: false }`
[INFO] running `Command { std: "docker" "rm" "-f" "e08e9a00b09bfefb07c0af9ad446ec88d831059a2764502660c4f049cd5cf108", kill_on_drop: false }`
[INFO] [stdout] e08e9a00b09bfefb07c0af9ad446ec88d831059a2764502660c4f049cd5cf108
[INFO] running `Command { std: "docker" "create" "-v" "/var/lib/crater-agent-workspace/builds/worker-1/target:/opt/rustwide/target:rw,Z" "-v" "/var/lib/crater-agent-workspace/builds/worker-1/source:/opt/rustwide/workdir:ro,Z" "-v" "/var/lib/crater-agent-workspace/cargo-home:/opt/rustwide/cargo-home:ro,Z" "-v" "/var/lib/crater-agent-workspace/rustup-home:/opt/rustwide/rustup-home:ro,Z" "-e" "SOURCE_DIR=/opt/rustwide/workdir" "-e" "CARGO_TARGET_DIR=/opt/rustwide/target" "-e" "CARGO_INCREMENTAL=0" "-e" "RUST_BACKTRACE=full" "-e" "RUSTFLAGS=--cap-lints=forbid" "-e" "CARGO_HOME=/opt/rustwide/cargo-home" "-e" "RUSTUP_HOME=/opt/rustwide/rustup-home" "-w" "/opt/rustwide/workdir" "-m" "1610612736" "--user" "0:0" "--network" "none" "rustops/crates-build-env@sha256:d92eaeed33fa75130ca1ee6c8a01d1ffb62bac859dfdfb3450e3e5d1c0146529" "/opt/rustwide/cargo-home/bin/cargo" "+72f88fc4e9458f89516a0b8b0868f3718aec5b47" "check" "--frozen" "--all" "--all-targets" "--message-format=json", kill_on_drop: false }`
[INFO] [stderr] WARNING: Your kernel does not support swap limit capabilities or the cgroup is not mounted. Memory limited without swap.
[INFO] [stdout] a0ab0252d63788e3e5604becbec2d15180e1a8661d1489e44cd2adcf0413f4f9
[INFO] running `Command { std: "docker" "start" "-a" "a0ab0252d63788e3e5604becbec2d15180e1a8661d1489e44cd2adcf0413f4f9", kill_on_drop: false }`
[INFO] [stderr]     Blocking waiting for file lock on package cache
[INFO] [stderr]     Blocking waiting for file lock on package cache
[INFO] [stderr]     Blocking waiting for file lock on package cache
[INFO] [stderr]    Compiling proc-macro2 v1.0.21
[INFO] [stderr]    Compiling syn v1.0.40
[INFO] [stderr]    Compiling serde_derive v1.0.116
[INFO] [stderr]    Compiling serde v1.0.116
[INFO] [stderr]     Checking vec_map v0.8.2
[INFO] [stderr]     Checking either v1.6.0
[INFO] [stderr]     Checking termcolor v1.1.0
[INFO] [stderr]     Checking smallvec v1.4.2
[INFO] [stderr]    Compiling proc-macro-nested v0.1.6
[INFO] [stderr]    Compiling getrandom v0.1.15
[INFO] [stderr]     Checking ahash v0.3.8
[INFO] [stderr]    Compiling byte-tools v0.3.1
[INFO] [stderr]     Checking arrayvec v0.5.1
[INFO] [stderr]    Compiling proc-macro-hack v0.5.18
[INFO] [stderr]     Checking futures-sink v0.3.5
[INFO] [stderr]    Compiling maybe-uninit v2.0.0
[INFO] [stderr]     Checking collect-mac v0.1.0
[INFO] [stderr]    Compiling regex-syntax v0.6.18
[INFO] [stderr]    Compiling hashbrown v0.9.0
[INFO] [stderr]    Compiling unicode-width v0.1.8
[INFO] [stderr]    Compiling precomputed-hash v0.1.1
[INFO] [stderr]    Compiling fixedbitset v0.2.0
[INFO] [stderr]    Compiling bit-vec v0.6.2
[INFO] [stderr]    Compiling new_debug_unreachable v1.0.4
[INFO] [stderr]    Compiling fake-simd v0.1.2
[INFO] [stderr]    Compiling strsim v0.9.3
[INFO] [stderr]    Compiling opaque-debug v0.2.3
[INFO] [stderr]    Compiling diff v0.1.12
[INFO] [stderr]    Compiling typed-arena v2.0.1
[INFO] [stderr]     Checking static_assertions v0.3.4
[INFO] [stderr]    Compiling rayon-core v1.8.0
[INFO] [stderr]    Compiling lalrpop-util v0.19.1
[INFO] [stderr]    Compiling quick-error v1.2.3
[INFO] [stderr]     Checking strsim v0.8.0
[INFO] [stderr]     Checking ppv-lite86 v0.2.9
[INFO] [stderr]    Compiling fnv v1.0.7
[INFO] [stderr]     Checking same-file v1.0.6
[INFO] [stderr]     Checking strsim v0.10.0
[INFO] [stderr]    Compiling gluon_vm v0.17.1
[INFO] [stderr]     Checking oorandom v11.1.2
[INFO] [stderr]     Checking downcast-rs v1.2.0
[INFO] [stderr]    Compiling anyhow v1.0.32
[INFO] [stderr]     Checking frunk_core v0.3.1
[INFO] [stderr]     Checking half v1.6.0
[INFO] [stderr]    Compiling pulldown-cmark v0.7.2
[INFO] [stderr]     Checking rustc-hash v1.1.0
[INFO] [stderr]     Checking difference v2.0.0
[INFO] [stderr]     Checking remove_dir_all v0.5.3
[INFO] [stderr]    Compiling num-traits v0.2.12
[INFO] [stderr]    Compiling hashbrown v0.8.2
[INFO] [stderr]    Compiling indexmap v1.6.0
[INFO] [stderr]    Compiling crossbeam-utils v0.7.2
[INFO] [stderr]    Compiling memoffset v0.5.5
[INFO] [stderr]    Compiling crossbeam-epoch v0.8.2
[INFO] [stderr]     Checking textwrap v0.11.0
[INFO] [stderr]    Compiling rayon v1.4.0
[INFO] [stderr]     Checking lock_api v0.4.1
[INFO] [stderr]    Compiling thread_local v1.0.1
[INFO] [stderr]    Compiling proc-macro-error-attr v1.0.4
[INFO] [stderr]    Compiling proc-macro-error v1.0.4
[INFO] [stderr]     Checking humantime v1.3.0
[INFO] [stderr]    Compiling block-padding v0.1.5
[INFO] [stderr]    Compiling itertools v0.9.0
[INFO] [stderr]     Checking futures-channel v0.3.5
[INFO] [stderr]     Checking codespan-reporting v0.9.5
[INFO] [stderr]     Checking pretty v0.10.0
[INFO] [stderr]     Checking archery v0.3.0
[INFO] [stderr]    Compiling bit-set v0.5.2
[INFO] [stderr]     Checking yaml-rust v0.4.4
[INFO] [stderr]     Checking walkdir v2.3.1
[INFO] [stderr]    Compiling libc v0.2.77
[INFO] [stderr]    Compiling log v0.4.11
[INFO] [stderr]    Compiling bitflags v1.2.1
[INFO] [stderr]    Compiling memchr v2.3.3
[INFO] [stderr]    Compiling byteorder v1.3.4
[INFO] [stderr]    Compiling typenum v1.12.0
[INFO] [stderr]     Checking pretty_assertions v0.6.1
[INFO] [stderr]     Checking rpds v0.7.0
[INFO] [stderr]     Checking atty v0.2.14
[INFO] [stderr]     Checking parking_lot_core v0.8.0
[INFO] [stderr]     Checking termios v0.3.2
[INFO] [stderr]     Checking terminal_size v0.1.13
[INFO] [stderr]     Checking ena v0.14.0
[INFO] [stderr]     Checking csv-core v0.1.10
[INFO] [stderr]     Checking regex-automata v0.1.9
[INFO] [stderr]     Checking codespan v0.9.5
[INFO] [stderr]    Compiling aho-corasick v0.7.13
[INFO] [stderr]    Compiling cast v0.2.3
[INFO] [stderr]     Checking clap v2.33.3
[INFO] [stderr]     Checking rand_core v0.5.1
[INFO] [stderr]    Compiling dirs v1.0.5
[INFO] [stderr]     Checking console v0.11.3
[INFO] [stderr]     Checking parking_lot v0.11.0
[INFO] [stderr]    Compiling generic-array v0.12.3
[INFO] [stderr]    Compiling quote v1.0.7
[INFO] [stderr]     Checking crossbeam-channel v0.4.4
[INFO] [stderr]     Checking env_logger v0.7.1
[INFO] [stderr]    Compiling petgraph v0.5.1
[INFO] [stderr]    Compiling term v0.5.2
[INFO] [stderr]     Checking rand_chacha v0.2.2
[INFO] [stderr]     Checking rand_xorshift v0.2.0
[INFO] [stderr]    Compiling block-buffer v0.7.3
[INFO] [stderr]    Compiling digest v0.8.1
[INFO] [stderr]     Checking crossbeam-deque v0.7.3
[INFO] [stderr]    Compiling regex v1.3.9
[INFO] [stderr]     Checking ordered-float v2.0.0
[INFO] [stderr]     Checking plotters v0.2.15
[INFO] [stderr]    Compiling sha2 v0.8.2
[INFO] [stderr]     Checking rand v0.7.3
[INFO] [stderr]     Checking criterion-plot v0.4.3
[INFO] [stderr]    Compiling ascii-canvas v2.0.0
[INFO] [stderr]     Checking tempfile v3.1.0
[INFO] [stderr]    Compiling proc-macro-error v0.2.6
[INFO] [stderr]    Compiling gluon_codegen v0.17.1
[INFO] [stderr]    Compiling pin-project-internal v0.4.23
[INFO] [stderr]    Compiling futures-macro v0.3.5
[INFO] [stderr]    Compiling tokio-macros v0.2.5
[INFO] [stderr]    Compiling gluon-salsa-macros v0.15.2
[INFO] [stderr]    Compiling structopt-derive v0.4.10
[INFO] [stderr]    Compiling async-trait v0.1.40
[INFO] [stderr]    Compiling structopt-derive v0.3.5
[INFO] [stderr]    Compiling thiserror-impl v1.0.20
[INFO] [stderr]    Compiling serde_derive_state v0.4.9
[INFO] [stderr]     Checking tokio v0.2.22
[INFO] [stderr]     Checking thiserror v1.0.20
[INFO] [stderr]     Checking gluon_base v0.17.1
[INFO] [stderr]     Checking structopt v0.3.17
[INFO] [stderr]     Checking pin-project v0.4.23
[INFO] [stderr]     Checking futures-util v0.3.5
[INFO] [stderr]     Checking gluon_check v0.17.1
[INFO] [stderr]     Checking gluon_format v0.17.1
[INFO] [stderr]     Checking gluon_completion v0.17.1
[INFO] [stderr]    Compiling gluon v0.17.1 (/opt/rustwide/workdir)
[INFO] [stderr]     Checking futures-executor v0.3.5
[INFO] [stderr]     Checking gluon-salsa v0.15.2
[INFO] [stderr]     Checking futures v0.3.5
[INFO] [stderr]     Checking tensile v0.6.3
[INFO] [stderr]     Checking serde_json v1.0.57
[INFO] [stderr]     Checking bstr v0.2.13
[INFO] [stderr]     Checking serde_cbor v0.11.1
[INFO] [stderr]     Checking serde_yaml v0.8.13
[INFO] [stderr]     Checking bincode v1.3.1
[INFO] [stderr]    Compiling docopt v1.1.0
[INFO] [stderr]    Compiling string_cache v0.8.0
[INFO] [stderr]     Checking csv v1.1.3
[INFO] [stderr]    Compiling lalrpop v0.19.1
[INFO] [stderr]     Checking tinytemplate v1.1.0
[INFO] [stderr]     Checking insta v0.16.1
[INFO] [stderr]     Checking criterion v0.3.3
[INFO] [stderr]    Compiling gluon_parser v0.17.1
[INFO] [stdout] error[E0432]: unresolved import `gluon::vm::api::de`
[INFO] [stdout]   --> tests/api.rs:19:13
[INFO] [stdout]    |
[INFO] [stdout] 19 |             de::De,
[INFO] [stdout]    |             ^^ could not find `de` in `api`
[INFO] [stdout] 
[INFO] [stdout] 
[INFO] [stdout] error[E0433]: failed to resolve: could not find `typ` in `api`
[INFO] [stdout]    --> tests/api.rs:319:47
[INFO] [stdout]     |
[INFO] [stdout] 319 |             let (name, typ) = gluon::vm::api::typ::from_rust::<Self>(vm).unwrap();
[INFO] [stdout]     |                                               ^^^ could not find `typ` in `api`
[INFO] [stdout] 
[INFO] [stdout] 
[INFO] [stdout] error[E0432]: unresolved import `gluon::compiler_pipeline::compile_to`
[INFO] [stdout]  --> benches/precompiled.rs:8:13
[INFO] [stdout]   |
[INFO] [stdout] 8 | use gluon::{compiler_pipeline::compile_to, new_vm, ThreadExt};
[INFO] [stdout]   |             ^^^^^^^^^^^^^^^^^^^^^^^^^^^^^ no `compile_to` in `compiler_pipeline`
[INFO] [stdout] 
[INFO] [stdout] 
[INFO] [stdout] error[E0432]: unresolved import `gluon::compiler_pipeline::Precompiled`
[INFO] [stdout]   --> benches/precompiled.rs:35:52
[INFO] [stdout]    |
[INFO] [stdout] 35 |         use gluon::compiler_pipeline::{Executable, Precompiled};
[INFO] [stdout]    |                                                    ^^^^^^^^^^^ no `Precompiled` in `compiler_pipeline`
[INFO] [stdout] 
[INFO] [stdout] 
[INFO] [stdout] warning: unused import: `Executable`
[INFO] [stdout]   --> benches/precompiled.rs:35:40
[INFO] [stdout]    |
[INFO] [stdout] 35 |         use gluon::compiler_pipeline::{Executable, Precompiled};
[INFO] [stdout]    |                                        ^^^^^^^^^^
[INFO] [stdout]    |
[INFO] [stdout]    = note: `#[warn(unused_imports)]` on by default
[INFO] [stdout] 
[INFO] [stdout] 
[INFO] [stdout] error: aborting due to 2 previous errors; 1 warning emitted
[INFO] [stdout] 
[INFO] [stdout] 
[INFO] [stdout] For more information about this error, try `rustc --explain E0432`.
[INFO] [stdout] 
[INFO] [stderr] error: could not compile `gluon`.
[INFO] [stderr] 
[INFO] [stderr] To learn more, run the command again with --verbose.
[INFO] [stderr] warning: build failed, waiting for other jobs to finish...
[INFO] [stdout] error: aborting due to 2 previous errors
[INFO] [stdout] 
[INFO] [stdout] 
[INFO] [stdout] Some errors have detailed explanations: E0432, E0433.
[INFO] [stdout] 
[INFO] [stdout] For more information about an error, try `rustc --explain E0432`.
[INFO] [stdout] 
[INFO] [stderr] error: build failed
[INFO] running `Command { std: "docker" "inspect" "a0ab0252d63788e3e5604becbec2d15180e1a8661d1489e44cd2adcf0413f4f9", kill_on_drop: false }`
[INFO] running `Command { std: "docker" "rm" "-f" "a0ab0252d63788e3e5604becbec2d15180e1a8661d1489e44cd2adcf0413f4f9", kill_on_drop: false }`
[INFO] [stdout] a0ab0252d63788e3e5604becbec2d15180e1a8661d1489e44cd2adcf0413f4f9
